(x). Suppose -n - 3*n - m + 29 = w, -5*n = 2*m - 40. List the prime factors of n.
2, 3
Let r be (-483)/(-7) + (-1)/(-1). Suppose -4*k + r + 50 = 0. List the prime factors of k.
2, 3, 5
Let j(t) = -24*t + 3. List the prime factors of j(-7).
3, 19
Let s = 16 + -8. Let b = -1 - s. Let r = -2 - b. What are the prime factors of r?
7
What are the prime factors of 2/9 - 2136/(-108)?
2, 5
Let o = 2 + -8. Let d be (-2)/(-6)*o/(-1). Suppose -7 - d = -w. List the prime factors of w.
3
Let a = 6 + -4. List the prime factors of 28/2 - (a + -2).
2, 7
Let k = 8 + -5. Let r be (-5 + 7)/(2/7). Let m = r - k. List the prime factors of m.
2
Let f = -48 - -114. List the prime factors of f.
2, 3, 11
What are the prime factors of (-66)/44 - (-66)/4?
3, 5
Let s(n) = -4*n + 3. Let b be s(-8). Suppose -5*v - b = -15. Let y(z) = z + 7. What are the prime factors of y(v)?
3
Let y = -8 + 14. Let u be (y*1)/(2/5). What are the prime factors of (-5)/2*(-24)/u?
2
Let a(z) = -z**2 - 1. Let s(l) = -4*l**2 + 7*l - 9. Let g(d) = 3*a(d) - s(d). List the prime factors of g(8).
2, 7
Let d = -4 - -2. Let l be (-3 - -4) + (-36)/d. Suppose -5*m = 4 - l. What are the prime factors of m?
3
Suppose 3*p + 3*k = -2*p - 13, 2*p + 5*k = -9. Let x(v) = -8*v + 1. List the prime factors of x(p).
17
Suppose 0 = 8*w - 3*w - 2055. What are the prime factors of w?
3, 137
Let a be 27/6 - (-1)/(-2). Suppose 0 = 2*m + 5*f - 16, a*m + 5*f = 32 - 0. Suppose -t + m = t. What are the prime factors of t?
2
Suppose -20*k = -25*k - 20. Let b(v) = v**2 + 2*v - 5. What are the prime factors of b(k)?
3
List the prime factors of (-4788)/(-27) - (-1)/(-3).
3, 59
Let r(f) = 16*f**2 - 2*f + 1. Let l(d) = d**2 + 3*d - 3. Let x be l(-4). What are the prime factors of r(x)?
3, 5
Let k be (11*3)/3*2. Suppose -2*c = -2*l - 0*c - k, 0 = 2*l + c + 16. Let m(w) = -w**2 - 10*w - 1. List the prime factors of m(l).
2
Let z(v) = 17*v**2 - 11*v - 7. List the prime factors of z(-3).
179
Let d(t) = t**2 + 2*t + 2. Let u be d(-2). Let i(y) = u*y**2 + 0*y**2 + 2*y**3 - 13*y**3 - 1. What are the prime factors of i(-1)?
2, 3
Let h = 67 - 48. Suppose 4*u = h - 3. List the prime factors of u.
2
Suppose 4*v = 198 + 310. List the prime factors of v.
127
Let x = 0 - -4. Suppose 0*v = -5*v + 120. Suppose -2*g = g + x*t - 51, 3*g = 5*t + v. What are the prime factors of g?
13
Let c(q) = q**2 - q. Let l(p) = -p**3 + 4*p**2 - 5*p - 20. Let i(z) = 5*c(z) - l(z). List the prime factors of i(0).
2, 5
Suppose 3*v - 6 = 0, 5*v - 4 = -2*u + 10. Suppose -w + 24 = u*w. What are the prime factors of 100/w - 6/4?
11
Suppose 2*m = 4, 3*z + 3*m = 71 - 14. What are the prime factors of z?
17
Let h = 11 - 6. Suppose w - 6 = -2*w. What are the prime factors of w/h*(-2 - -32)?
2, 3
What are the prime factors of (-25)/(-10)*(-4)/(-5)?
2
Let s(m) = m**2 - 3*m - 6. Let f be 7 + (1 - 2/1). List the prime factors of s(f).
2, 3
Let h(v) be the second derivative of -v**4/12 + 11*v**3/6 - 3*v**2 - 4*v. List the prime factors of h(6).
2, 3
Let q = 197 - 110. List the prime factors of q.
3, 29
Let w(n) = -n**2 + 4*n + 4. Let g be w(4). Let t = -43 - -71. Suppose -l + 1 = 0, -5*l + g*l + t = 3*b. What are the prime factors of b?
3
Let i = -27 + 78. What are the prime factors of i?
3, 17
Suppose -2*q = -3*r + 7, 2*r - 4*q + 2 = 12. List the prime factors of r + 0 - (-6 - 19).
2, 13
Suppose 4*l + 84 = -5*g + g, 3*l + 63 = -2*g. Let x be l/(-6) - (-2)/(-4). Suppose 4*f - 76 = 3*s, x*f = 5*f - 3*s - 44. List the prime factors of f.
2
Suppose 0*n - 3*i = n - 10, 5*i + 150 = 5*n. What are the prime factors of n?
5
Let f(n) = 18*n**2 + 3*n. Let g be f(-2). Suppose 3*p - g = 3*i, -3*p = 2*p - 2*i - 119. What are the prime factors of p?
5
Let r = -5 - -5. Let s = 38 - -10. Suppose 3*j + j - s = r. What are the prime factors of j?
2, 3
Let s = -47 + 83. List the prime factors of s.
2, 3
Let c be (-4)/(-2) - (-5 + 5). Let x(a) = 6*a - 7*a + 4*a**c - 3*a**2 + 11. List the prime factors of x(0).
11
Let w(a) = a**2 - 4*a - 8. Let h be w(6). Suppose h = -r + 2*r. List the prime factors of r.
2
Suppose 0*p - 86 = -p. List the prime factors of p.
2, 43
Suppose 2*z = -3*v - 0 - 2, 3*v = -3*z - 6. Suppose h - 2*b = 4, 18 = v*h + b - 0*b. List the prime factors of h.
2
Suppose 14 = 4*p - 2. Suppose -2*o + 3*o = p. List the prime factors of 29/2 - 2/o.
2, 7
Let v(x) be the second derivative of 2*x**3/3 - 2*x**2 - 4*x. Let b be v(4). Let j(z) = z - 8. What are the prime factors of j(b)?
2
List the prime factors of 1/(-6) + 1055/30.
5, 7
Suppose 3*s + 3*h = 132, s - 19 = 2*h + 2*h. What are the prime factors of s?
3, 13
Let q(l) = l**2 + 2*l - 5*l - l - 7. Let z be q(6). Suppose -z*y + 15 = -75. What are the prime factors of y?
2, 3
Let n = 88 - 30. List the prime factors of n.
2, 29
Let m(g) = 21*g. Let s be 4/18 + (-49)/(-63). List the prime factors of m(s).
3, 7
Suppose 10*z + 615 = 15*z. What are the prime factors of z?
3, 41
Let k(j) be the second derivative of 4*j + 1/6*j**3 - j**2 + 0. List the prime factors of k(6).
2
Suppose -2*z + 3*b + 54 = -z, -z + 50 = b. What are the prime factors of z?
3, 17
Let s(j) = -j**2 - 10*j - 7. Suppose -3*y - y + 12 = 0. Let c be y - 5 - (-14)/(-2). What are the prime factors of s(c)?
2
Let w(r) be the first derivative of r**4/4 + 3*r**3 + 11*r**2/2 + 9*r + 1. Let x be w(-8). Let y = 3 - x. What are the prime factors of y?
2, 3
Let o be 1/3 + 19/(-3). What are the prime factors of 2 - o - (0 - -3)?
5
Suppose s = -3*s + 12. Suppose -4*c = 5*r - 330 + 109, 0 = -2*c + s*r + 83. List the prime factors of c.
7
Let w(z) = -2*z - 1. Suppose -2*s + 0 + 4 = -2*h, -h - 17 = -4*s. Suppose -s*i + 7*i = -6. List the prime factors of w(i).
5
Let s be 2*(-20)/8 + 3. What are the prime factors of (-129)/(-9) + s/6?
2, 7
Let u(z) = -16*z + 17. Let f be u(5). Let l = -40 - f. List the prime factors of l.
23
Let q(m) = m**2 - 6*m + 2. Let k be q(7). Suppose 2*u = 1 + k. Suppose t - 4 - u = 0. List the prime factors of t.
3
Let c(x) = -10*x + 13 - 2*x + 11*x. What are the prime factors of c(9)?
2
Suppose -2*b - 272 = -672. What are the prime factors of b?
2, 5
Let y = 0 - -1. Suppose 5*v - 11 = -y. Suppose v*u = 35 + 7. List the prime factors of u.
3, 7
Let t(p) = -p**2 - 12*p - 4. Let l be t(-11). What are the prime factors of 90/21 - 2/l?
2
Suppose 74 = 5*l - 1. Let z = -2 - -5. Suppose -3*w + l = z. List the prime factors of w.
2
Suppose 0 = -5*u - 15, -3*q + u + 226 = -143. What are the prime factors of q?
2, 61
What are the prime factors of 2793/7 - (-2 + -3)?
2, 101
Let f = -292 - -660. What are the prime factors of f?
2, 23
Let t(o) = 21*o - 1. Let j be t(1). Let y = 29 - j. List the prime factors of y.
3
Let c = 845 + -594. What are the prime factors of c?
251
Suppose 0*v = 5*v + 80. Let i = v - -28. What are the prime factors of i?
2, 3
Let w = 23 - 15. List the prime factors of 1 + (-3)/(-3) + w.
2, 5
Suppose -4*y = b - 12, 0*y - 5*y - 10 = -5*b. Suppose -u + y*n + 14 = u, 17 = -u - 5*n. Suppose -5*q + 105 = -5*k, -4*k - 7 = -u. List the prime factors of q.
2, 5
Let c(p) = -p**2 - 8*p. Let b be c(-7). Let i = b + 19. List the prime factors of i.
2, 13
Suppose 5*t = 0, -2*s + 6 = -7*t + 2*t. Suppose 0*q - 2*r = q - 15, -5*q + s*r = -62. Let p = -1 + q. What are the prime factors of p?
2, 3
Suppose 4*d - 59 = 5*i, 2*i + i = -5*d + 46. Suppose 5*f - x + 0*x = d, -1 = 5*f - 4*x. What are the prime factors of f?
3
Let o = 175 + -80. What are the prime factors of o?
5, 19
Let m = 0 + 6. Let t = -4 + m. List the prime factors of t.
2
Let p = -20 - -12. Let u(h) = -2*h**2 + 2*h - 1. Let s be u(2). What are the prime factors of 1 + 5/(s/p)?
3
Let r = -162 - -374. List the prime factors of 1/(-4) + r/16.
13
Let h(l) = 45 + l - l - l. List the prime factors of h(0).
3, 5
Let x(u) = -u**2 - 6*u + 3. Let s be (3/5)/(4/(-20)). What are the prime factors of x(s)?
2, 3
Suppose -6*y = -5*y - 91. List the prime factors of y.
7, 13
Suppose 5*w - 2*w - 177 = 0. List the prime factors of w.
59
Suppose -169 + 27 = -m. List the prime factors of m.
2, 71
Suppose 45*r + 752 = 47*r. What are the prime factors of r?
2, 47
Suppose 5*g - 3 = -5*m - 28, 17 = 3*m - 5*g. Let h = m - -1. List the prime factors of 3/(1/3 + h).
3
Suppose -8*k + 60 = -7*k. List the prime factors of k.
2, 3,